1, what is 34 + 4?
38
In base 9, what is 2 + 3764?
3766
In base 15, what is 171 + -1?
170
In base 11, what is 7 - 101?
-a5
In base 5, what is -10 - 24?
-34
In base 14, what is -7a - -6?
-74
In base 14, what is 5 - 755?
-750
In base 2, what is 1011010 - -110?
1100000
In base 11, what is -29 - -62?
34
In base 11, what is -3 + 879?
876
In base 2, what is 111111000 - -100?
111111100
In base 2, what is 111010 + 10?
111100
In base 16, what is 5 + 11d?
122
In base 7, what is 3023 + -5?
3015
In base 12, what is 7 + -17?
-10
In base 16, what is -1 - -175?
174
In base 5, what is -3 + -1011?
-1014
In base 13, what is 8 - -23?
2b
In base 10, what is -1682 - 1?
-1683
In base 5, what is -2 - 1200?
-1202
In base 9, what is 4 - 163?
-158
In base 11, what is -10 - 3?
-13
In base 4, what is -112 - 3?
-121
In base 11, what is -a4 - -5?
-9a
In base 10, what is 1 + -54?
-53
In base 2, what is 111110101001 - 101?
111110100100
In base 4, what is 0 - 110?
-110
In base 13, what is -3b + -14?
-52
In base 6, what is 422 + 15?
441
In base 8, what is -32 + 14?
-16
In base 14, what is -3 + 7?
4
In base 6, what is 22 + -4?
14
In base 11, what is 29 - -3?
31
In base 5, what is -1 - 43243?
-43244
In base 4, what is -212 + -222?
-1100
In base 9, what is 36 + 6?
43
In base 6, what is -42343 + -4?
-42351
In base 9, what is 4761 + -3?
4757
In base 9, what is -361 + -4?
-365
In base 16, what is e2 - 0?
e2
In base 13, what is 20 - -262?
282
In base 10, what is 1848 + 1?
1849
In base 11, what is -2 + -7?
-9
In base 5, what is 201344 + -2?
201342
In base 2, what is 11010 - -1100010?
1111100
In base 3, what is 201 - 11?
120
In base 12, what is -3 - -22?
1b
In base 12, what is -389 + -3?
-390
In base 8, what is 420 + 2?
422
In base 10, what is -7 - 310?
-317
In base 4, what is 23 + -2002?
-1313
In base 15, what is -199a - 4?
-199e
In base 6, what is 42 + -23?
15
In base 8, what is 4 - 3600?
-3574
In base 14, what is -2 + -13?
-15
In base 9, what is 1 + -262?
-261
In base 16, what is -5 + -69?
-6e
In base 7, what is -54446 + 4?
-54442
In base 14, what is 0 + -59?
-59
In base 9, what is -11 - -347?
336
In base 16, what is 1 - -63f?
640
In base 6, what is 1 - 10231?
-10230
In base 4, what is 3 - -21312?
21321
In base 16, what is -3d + -1c?
-59
In base 15, what is e5b + 5?
e61
In base 7, what is 136 + 132?
301
In base 7, what is -661 + -4?
-665
In base 6, what is -13 - -240?
223
In base 8, what is 237 + -121?
116
In base 7, what is -3 + -1010?
-1013
In base 5, what is -32111 - -3?
-32103
In base 13, what is 15 + 191?
1a6
In base 4, what is 1 + -102201?
-102200
In base 3, what is -112121 + 12?
-112102
In base 15, what is -5 + 1db2?
1dac
In base 6, what is 2 - -333?
335
In base 8, what is -365 - 5?
-372
In base 10, what is -252 + 2?
-250
In base 2, what is -10000011 + 1010?
-1111001
In base 8, what is 3 + 172?
175
In base 13, what is -8 - -4b1?
4a6
In base 9, what is -1 - -25?
24
In base 5, what is -4 - 244?
-303
In base 15, what is 1a + -6?
14
In base 8, what is -4 - -704?
700
In base 8, what is 1562 + 0?
1562
In base 12, what is -5 - -655?
650
In base 5, what is 2 + 100?
102
In base 14, what is 383 - -1?
384
In base 11, what is -14 + -43?
-57
In base 11, what is -511 - 0?
-511
In base 13, what is b + 12?
20
In base 2, what is 1100 - 10010?
-110
In base 2, what is 111010 - 100?
110110
In base 11, what is -1 - 1292?
-1293
In base 8, what is 35 - 1027?
-772
In base 9, what is 33 - -152?
185
In base 10, what is 91 + -4?
87
In base 4, what is 3 + -1222?
-1213
In base 12, what is -100 - -1a?
-a2
In base 6, what is 211 - 1?
210
In base 14, what is -46 - 40?
-86
In base 9, what is -1 + 120?
118
In base 16, what is -4 - 6?
-a
In base 9, what is -4 + -787?
-802
In base 10, what is 73 + 5?
78
In base 16, what is 142c - 5?
1427
In base 14, what is -401d + 4?
-4019
In base 5, what is 0 - -2321?
2321
In base 8, what is 1 + 301?
302
In base 8, what is 3157 - -3?
3162
In base 9, what is -14 + -3?
-17
In base 8, what is 2 - -516?
520
In base 14, what is -13c - -3?
-139
In base 11, what is 11a - -4?
123
In base 8, what is -7 - 237?
-246
In base 4, what is 303 - 103?
200
In base 7, what is 52 + 35?
120
In base 12, what is -1a18 + -1?
-1a19
In base 15, what is 1 + 16?
17
In base 3, what is 2 + 1012200?
1012202
In base 7, what is 3523 + 26?
3552
In base 7, what is -3 - -506?
503
In base 6, what is -13540 - -5?
-13531
In base 7, what is 1025 - -4?
1032
In base 10, what is 70 - 57?
13
In base 14, what is -32a - -9?
-321
In base 11, what is -8 + -37?
-44
In base 16, what is -f3 - -2?
-f1
In base 14, what is -36c - 1?
-36d
In base 12, what is 0 - 0?
0
In base 7, what is -11325 - -5?
-11320
In base 8, what is 32 - 2526?
-2474
In base 13, what is -911 + 4?
-90a
In base 12, what is -38 + -3?
-3b
In base 15, what is -1 + ad?
ac
In base 10, what is -1507 - -2?
-1505
In base 16, what is f + c5?
d4
In base 8, what is 1 + -32?
-31
In base 8, what is -133 + 350?
215
In base 13, what is -3 + -1058?
-105b
In base 5, what is 1 - -230?
231
In base 15, what is -5 - -677?
672
In base 13, what is -1 + 288?
287
In base 9, what is -2180 - 3?
-2183
In base 3, what is 12021 + 102?
12200
In base 14, what is 7 - -14?
1b
In base 5, what is -102 - -1403?
1301
In base 9, what is -34814 + -2?
-34816
In base 11, what is -1 - -35?
34
In base 15, what is 3b - 1?
3a
In base 12, what is b25 + -3?
b22
In base 7, what is 36 - -2?
41
In base 3, what is 2 + 101?
110
In base 14, what is -10 + -5d?
-6d
In base 5, what is -40032 + 2?
-40030
In base 8, what is 0 - -310?
310
In base 12, what is -1 - 2a76?
-2a77
In base 15, what is -3 - 274?
-277
In base 13, what is -3 - -17?
14
In base 14, what is -281 - 5?
-286
In base 11, what is 2425 - 3?
2422
In base 14, what is -4 - 22a?
-230
In base 10, what is 11 - -10?
21
In base 11, what is a - 12?
-3
In base 4, what is 32 + -21?
11
In base 16, what is -10 + -3?
-13
In base 14, what is 3 - 120?
-11b
In base 12, what is -93 + -5?
-98
In base 12, what is -78 - -4?
-74
In base 9, what is 7082 + 2?
7084
In base 3, what is 2211 - -120?
10101
In base 13, what is -178b - 4?
-1792
In base 13, what is -395 - -8?
-38a
In base 6, what is 11 + 100?
111
In base 8, what is -223 - -2?
-221
In base 16, what is -5 + 2fd?
2f8
In base 16, what is 440 + 5?
445
In base 15, what is 7 - 0?
7
In base 16, what is d + 5e?
6b
In base 12, what is 14 - 394?
-380
In base 4, what is 1113 + 1?
1120
In base 12, what is 9 - -3?
10
In base 5, what is 2 + -212?
-210
In base 5, what is 2431 - -3?
2434
In base 12, what is 4 - -6a8?
6b0
In base 8, what is -3 + 2220?
2215
In base 6, what is -240 - -5?
-231
In base 16, what is 5 - -5b?
60
In base 11, what is -8 - 24?
-31
In base 5, what is 244 + -4?
240
In base 6, what is 0 - 1432?
-1432
In base 14, what is -2 - -6b?
69
In base 6, what is -2 - -300?
254
In base 7, what is 42 - 6?
33
In base 4, what is 21 + -13?
2
In base 14, what is 6b - -8?
75
In base 8, what is -7630 - 0?
-7630
In base 16, what is 83 + -2?
81
In base 2, what is -10100 - -10?
-10010
In base 4, what is 212 + 130?
1002
In base 14, what is -37 + 3a?
3
In base 10, what is -5 - -26?
21
In base 7, what is -25 + 21?
-4
In base 2, what is 1100 + 1000001010?
1000010110
In base 3, what is -102 + 210?
101
In base 6, what is -240 + 15?
-221
In base 3, what is -10 - 201222?
-202002
In base 2, what is 0 + -110000001?
-110000001
In base 7, what is 1434 - 6?
1425
In base 3, what is -101 - 102?
-210
In base 6, what is 11 - 304?
-253
In base 9, what is 11 - -6?
17
In base 13, what is 1 + 3a?
3b
In base 10, what is -2 + -164?
-166
In base 3, what is 0 + -1000?
-1000
In base 10, what is -21 + 14?
-7
In base 9, what is 51167 + 0?
51167
In base 13, what is -acca + -3?
-b000
In base 14, what is 63 + -3?
60
In base 9, what is 366 + 0?
366
In base 8, what is 5 + -126?
-121
In base 6, what is 1425 + -5?
1420
In base 14, what is 1c8 - -5?
1cd
In base 5, what is 34 + -2103?
-2014
In base 9, what is -3122 + 4?
-3117
In base 5, what is -130 + -43?
-223
In base 13, what is 3391 - -1?
3392
In base 11, what is -9 + -20a?
-218
In base 5, what is -324 + 203?
-121
In base 16, what is 47 + -2?
45
In base 11, what is -2340 + 4?
-2337
In base 5, what is 21 - -1302?
1323
In base 8, what is 5756 + -3?
5753
In base 2, what is 101 - -10111010?
10111111
In base 13, what i